e
Let d(c) = 623*c + 391. Suppose -r - 5*h = -47, -5*r + 81 = -3*r - 3*h. Is d(r) a composite number?
False
Suppose 269724 = 5*s - m, -135*m + 138*m = -5*s + 269728. Is s a prime number?
False
Let z = 790 - 430. Let k = z + -275. Is k a prime number?
False
Suppose 10*c - 14 - 46 = 0. Suppose 8*r - 4*s - 35554 = c*r, 0 = r - s - 17780. Is r a composite number?
False
Let x(o) = -3096*o - 12. Let s be 0 + (12/(-20))/((-2)/(-10)). Let u be x(s). Is (-1)/(1*(-4)/u) a prime number?
False
Let k = -19 + 41. Suppose -22*i = -13*i - 2421. Let p = i - k. Is p prime?
False
Let g(d) = 233*d**3 + 3*d**2 + 7*d. Let z(b) = -b**3 + b**2 + b + 1. Let w(u) = g(u) - 3*z(u). Is w(2) prime?
False
Let u be 1 + (5864 - (-4 - -8)). Suppose -2475 = -4*p + u. Let f = p - -339. Is f a composite number?
False
Suppose 23*f - 18*f - 22903 = -2*t, -2*t = 4*f - 18320. Is f composite?
False
Suppose 1 = -5*b + 4*l + 7, 3*l - 1 = b. Suppose -b*m + 8 - 2 = 0. Let w(g) = 70*g**2 - 2*g + 7. Is w(m) composite?
False
Let m be 21 + ((-8)/(-36) - (-50)/18). Let l(u) = u**3 - 24*u**2 + u - 23. Let q be l(m). Is -1 + 759/3 - q prime?
True
Suppose 0 = 4*m - 5*z + 14 + 89, -3*m = 4*z + 85. Is ((-6)/m*-717)/(6/(-9)) a prime number?
True
Let x = -255 + 259. Suppose 4*q - 2*q + 4*o - 14362 = 0, x*o = -12. Is q a prime number?
True
Let n be (29 - -1)/2*(-12)/(-36). Suppose -x + 16987 = -n*z, 2*z + 26177 = 3*x - 24836. Is x composite?
True
Let r(c) = 7139*c + 115. Is r(6) prime?
False
Suppose 44*o + 78*o - 23740346 = 0. Is o composite?
True
Let z be (5/(-40)*-4)/(3/(-6)). Let d(b) be the second derivative of -24*b**5/5 - b**4/6 + b**3/6 + b**2 - b. Is d(z) a prime number?
False
Let z(s) = 6*s**2 - 2*s - 115580. Let r be z(0). Is (-6 - r/(-4))*-1 a composite number?
False
Suppose 4*h - 5*d = -11433 + 101106, 0 = -3*h + d + 67252. Is h a composite number?
True
Let l(f) = f**3 + 13*f**2 + 14*f + 29. Let n be l(-12). Is 1367 - (n + -1 + 2) composite?
False
Let b = 38517 - 11390. Is b a composite number?
False
Suppose 0 = 2*d + 4*l - 1325106, -4*l = -3*d + 1024014 + 963635. Is d prime?
True
Suppose -65 = 81*o - 86*o. Is (o - (-2 - -11))/((-8)/(-1174)) prime?
True
Suppose -7*r = -9*r + 52. Suppose -r*v + 1272 = -28*v. Let z = -127 - v. Is z a composite number?
False
Let j = 837290 - 595233. Is j a prime number?
True
Let t be ((-32)/8)/(-2 + (-18)/(-11)). Is t/(-2)*5*(-14862)/15 prime?
False
Suppose -3*p + 0*p = 5*a - 5, 5*p + 3*a - 3 = 0. Suppose -18*t - 4333 + 223879 = p. Is t prime?
True
Suppose 126*b - 233331 = -22*b + 594137. Is b a composite number?
False
Suppose 1119*y - 4350 = 1144*y. Let i = 344 + -637. Let p = y - i. Is p composite?
True
Let n(u) = -205*u**2 + 10*u**2 - 197*u**2 - 4 - 3*u. Let z(s) = s**2 + s + 1. Let b(i) = -n(i) - 2*z(i). Is b(-1) a composite number?
True
Suppose 0 = 2*i + 5*c - 33, 3*i + 2*c = -i + 26. Suppose 0 = -i*x - 110 + 678. Suppose -3*l = -l - x. Is l a prime number?
True
Suppose 7*c = -189991 - 39077. Let r = 13499 + c. Is 2/(-4) + 1 - r/10 prime?
False
Suppose f - 4*u - 63665 = 11098, -5*f + 373851 = -2*u. Is f a composite number?
False
Let z(n) be the first derivative of 15*n**4/4 + 5*n**3/3 - 17*n**2/2 - 10*n + 102. Is z(7) a prime number?
True
Let r(j) = 75*j**2 - 64*j - 940. Is r(-21) prime?
True
Suppose 0 = -6*x + 5 + 25. Suppose x*i = -18*i + 41285. Is i prime?
False
Suppose -8*r - 6*r = -23*r + 168489. Is r composite?
True
Is -6 - 6/6*-99055 a prime number?
False
Let m(s) = -s**3 + 5*s**2 + 19*s - 155. Let c be m(-24). Suppose 5*b - 40170 = -5*h, -c = -2*h - 3*b + 6*b. Is h composite?
False
Suppose -2*p + 10539 = -34431. Suppose -19*y + p = -14*y. Is y a composite number?
True
Let p(t) = 2*t. Let x be p(2). Let i = 7467 - 5183. Suppose -4*q + x*k + i = 2*k, k - 1150 = -2*q. Is q prime?
False
Let j = 34 - 36. Let l be 5793*1/6*j. Let t = l + 3730. Is t prime?
False
Let o = -118 + 121. Let i(u) = 348*u + 2. Is i(o) a composite number?
True
Suppose 3*l = 4*m - 6 - 2, -4*l + 36 = 4*m. Suppose -c - 6 = -0*w - 3*w, 2*w + l*c - 4 = 0. Suppose 3*y - r - 4665 - 2653 = 0, -4*y = -w*r - 9754. Is y prime?
True
Let o = 447469 + -207872. Is o a prime number?
True
Is 18583*(-10)/25*180/(-24) composite?
True
Suppose 3587612 = 237*t + 6715261 - 43085612. Is t composite?
False
Let i(j) = -806. Let w(r) = -2*r - 805. Let b(x) = -4*i(x) + 3*w(x). Is b(0) a composite number?
False
Let x(d) = 2682*d**2 - 207*d - 419. Is x(-2) a prime number?
True
Let n be (-4)/(-2) + (-6)/(-6)*1. Suppose 14674 = n*y - 15563. Is y composite?
False
Let q(m) = 14963*m**2 - 190*m + 1240. Is q(7) prime?
True
Suppose -4*m = -5*s + s - 18784, 9377 = 2*m + s. Suppose -2*x + 15633 = m. Is x a composite number?
False
Let z(w) = -4*w**2 - 19 + 8*w + w**2 + 11*w**2. Let m = -4537 + 4528. Is z(m) a prime number?
True
Suppose -3549901 = -46*j + 2036247. Suppose -13*g + 46899 = -j. Is g composite?
True
Let w be (0/2)/(3/(6/4)). Suppose 4*p + 3*v - 1445 = w, 2*p + 2*v - 727 = -v. Suppose 13*i - p = 12*i. Is i composite?
False
Suppose -150*s + 103592 + 2873758 = 0. Is s a prime number?
False
Let i = 185909 + -77186. Is i composite?
True
Is 9/(-12)*6/9*-1217306 a composite number?
False
Let x(m) = -1278847*m**3 + 8*m**2 + 4*m - 4. Is x(-1) a composite number?
True
Suppose 72*p - 7537618 = -285058 - 804168. Is p a prime number?
True
Let i = 12 + -13. Let p(l) = -7*l**3 - 2*l**2 + 1. Let y be p(i). Suppose -4*a + y*a - 642 = 0. Is a composite?
True
Let q be 1/1 + 1 + 7. Let g = -2757 + 2757. Suppose -2*x + 1 - q = g, y = x + 1263. Is y composite?
False
Let v(s) = -2*s - 2331. Let h(y) = -y**2 + y - 2. Let g(n) = -h(n) - v(n). Is g(0) a composite number?
False
Is (6/9)/(-8*12/(-5477040)) a composite number?
True
Let u = -2965 - -2965. Let h be (1 - -2)*(1 + 340). Suppose u*r = 3*r - h. Is r a composite number?
True
Let c = 195204 - -136513. Is c prime?
False
Let s be (-48)/(-20) + -2 - (-23)/5. Suppose w + 3*k + 9 = 0, 3*w + 0*k + s*k + 11 = 0. Suppose l + w*p - 423 = 2*p, 0 = 3*l + 5*p - 1277. Is l prime?
True
Suppose -3*v + k = -1117391, 235*v - 232*v = -4*k + 1117351. Is v a prime number?
True
Let f(a) = -1784*a**3 - 40*a**2 - 340*a - 21. Is f(-7) composite?
True
Let n(o) = 22*o**2 - 25*o + 6. Let t be n(8). Suppose 2*z = 6, w - 81*z - t = -78*z. Is w prime?
True
Let l = -4971 - -464. Let r = -3036 - l. Is r prime?
True
Suppose -145*m + 7*m + 10870171 + 13053923 = 0. Is m prime?
False
Let i(v) = 6775*v**3 + 8*v - 23. Is i(2) a composite number?
False
Let v(l) = 2669*l + 60. Suppose 6*b - 139 = -97. Is v(b) a prime number?
True
Let u(x) = -x**2 + x. Let v(c) = 9*c**2 + 11*c - 1. Let d(p) = -2*u(p) + v(p). Suppose -24*n + 8 = -25*n. Is d(n) prime?
True
Suppose 5*s - 2*i = -12942, 5*s - 2549 = 3*i - 15492. Let x = s + 5025. Is x composite?
False
Suppose 7593053 = 84*a - 71*a. Suppose -17*t - a = -1409414. Is t prime?
False
Let r(y) = 441*y - 13. Suppose 0 = -5*m + 6*j - 3*j + 545, -j = -3*m + 331. Let k be m/52 + (-22)/(-26) + -1. Is r(k) a composite number?
True
Let i(y) = 6978*y - 1114. Is i(2) a composite number?
True
Let b(p) = 8065*p**2 + 284*p + 862. Is b(-3) a composite number?
True
Suppose 12488026 + 5743256 = 30*g + 353472. Is g prime?
True
Suppose -63*v + 680250 + 160808 + 785035 = 0. Is v prime?
False
Suppose -2*f + 1859440 = -q, -4*q - 1382764 = -2*f + 476694. Is f composite?
False
Suppose 20*m - 13*m - 58009 = 0. Is m a prime number?
True
Is 73097 + (-35)/(420/(-72)) a prime number?
False
Let o(b) = 73*b**3 - 4*b**2 + 30*b - 178. Is o(5) a prime number?
False
Let w(y) = 3*y**2 - 14*y + 31. Suppose 50 = -6*b - 22. Is w(b) a prime number?
True
Suppose -4*g + 4*n = 0, 4*g + 3*n = 12 + 23. Suppose -g*d - 2889 = 4*y - 18671, 4*y - 4*d - 15764 = 0. Is y a prime number?
True
Suppose 0*m + 2*m = 7*m. Suppose 8*q - 8448 = -m*q. Suppose -q = -3*z + y, 8*y = -z + 3*y + 368. Is z a composite number?
False
Suppose -21 = i + z - 4*z, 3*i = -z - 13. Is i/(-18)*4089*1 prime?
False
Let t(z) be the second derivative of -z**6/120 - z**5/6 + z**4/8 - 5*z**3/6 + 15*z**2 - 33*z. Let r(i) be the first derivative of t(i). Is r(-11) composite?
False
Let q be ((-1)/3)/(4232/(-528) - -8). Suppose -d = 4, -5*d = q*u - 21*u - 1379. Is u prime?
True
Is 823674*(174/(-36) + 5) a composite number?
False
Suppose 0 = -7*o + 2*o - 